se 0 = -3*j - j + 4*s - 4, 0 = -j - 3*s + 11. What is the remainder when 39 is divided by (j/q)/(5/150)?
19
Let b be 58/1 + (-3 - -4). Let p = b - 41. Calculate the remainder when 70 is divided by p.
16
Suppose v - z + 2 = -1, 0 = v + 4*z - 12. Suppose -x + 12 = -v*x. Suppose 0*i = -5*i + 35. Calculate the remainder when x is divided by i.
5
Let j be (-6)/(-21) - 33/(-7). Suppose -o + 2*o - j*h = 25, 3*h = -o + 1. Calculate the remainder when o is divided by 3.
1
Let h(l) = l**2 - 6*l + 6. Suppose u + 65 = a, -2 = 5*u - 3*u. Suppose 0*i - i = -a. Calculate the remainder when i is divided by h(8).
20
Let d(y) = y - 1. Let n be d(6). Calculate the remainder when (-2)/3 + 214/6 is divided by 58/n - 2/(-5).
11
Let z(m) = -m**3 + 20*m**2 - 51*m + 27. Calculate the remainder when 78 is divided by z(17).
24
Suppose 0*z = -4*z + 84. What is the remainder when z is divided by (-4)/((-6)/(-4) - 2)?
5
Suppose -5*t - q + 55 = 0, 11*q - 10*q = -2*t + 19. What is the remainder when 54 is divided by t?
6
Suppose -5*w + 568 = -182. Suppose 2*n = -3*n + w. Suppose 6*s - 80 = s. Calculate the remainder when n is divided by s.
14
Suppose 5*y + 30 = -0*y. Let c = y - -3. Let j = -1 - c. Calculate the remainder when 5 is divided by j.
1
Let o(r) = r**3 - r**2 - r + 33. What is the remainder when o(0) is divided by 12?
9
Let p = -120 + 172. Calculate the remainder when 155 is divided by p.
51
What is the remainder when (2 + (-24)/6)/(1/(-10)) is divided by 6?
2
Let p(x) = x + 9. Let d be p(-9). Suppose 4*y = 4*r + r + 109, d = -2*r - 10. Calculate the remainder when y is divided by 8.
5
Calculate the remainder when 16 is divided by 39/(-91) - (-38)/7.
1
Let p be ((-16)/(-6))/(2/3). Suppose p*d = -2*a + 52, d + 4*a = 4*d - 17. What is the remainder when (-2)/4 - (-41)/2 is divided by d?
9
Suppose 10 = -d + 3*t, -d = -5*d - t + 12. Suppose -2*a + 3 = w, -52 = -6*w + 2*w + d*a. What is the remainder when w is divided by 5?
1
Let y(z) = 26*z - 1. Let g be 4 + 2*3/(-2). What is the remainder when 72 is divided by y(g)?
22
Suppose l = 4*v - 2*l - 56, -3*v + 4*l + 35 = 0. Let w = -41 - -50. Calculate the remainder when v is divided by w.
8
Let t = 2 + 3. Let q be -1 + 1 + (5 - 3). Suppose -t*a - q*c + 9 = 0, a + 2*c = -a. Calculate the remainder when 5 is divided by a.
2
Suppose -17 - 1 = 2*g. Let a = -4 - g. Calculate the remainder when a is divided by 2.
1
Suppose 4*x + 1 = 45. Calculate the remainder when x is divided by 6.
5
Let l(u) = 2*u**2 + 6*u + 30. Calculate the remainder when l(-6) is divided by 37.
29
Let w = 14 + 13. Calculate the remainder when 106 is divided by w.
25
Suppose 3*j + 20 = 4*j - 3*x, -j + x = -16. Calculate the remainder when j is divided by 8.
6
Suppose 0 = 9*w - 13*w + 188. Calculate the remainder when w is divided by 12.
11
Suppose 0 = t - 4*m - 3, -5*t + 15 = -2*m - 0*m. Suppose -t*j - 4 + 22 = 0. What is the remainder when (-1 - -2)/((-5)/(-55)) is divided by j?
5
Let r(a) = -a**2 + 15*a + 10. What is the remainder when r(11) is divided by 28?
26
Suppose -d + 28 = 9. Suppose 0 = 2*y - 7 - d. What is the remainder when 51 is divided by y?
12
Suppose 2*o + o = 39. Suppose -o = 3*g - 73. What is the remainder when g is divided by 6?
2
Let v(a) = a + 3. Let m be v(3). Suppose 4*c - m*c + 58 = 0. Calculate the remainder when c is divided by 15.
14
Let f = -41 + 68. Let b = -36 + 50. Calculate the remainder when f is divided by b.
13
Let m = -39 + -21. Let o = -22 - m. Calculate the remainder when o is divided by 13.
12
Suppose -5*k = -2*k - 24. What is the remainder when 21 is divided by k?
5
Suppose 4*y - 5*y + 8 = 0. Calculate the remainder when 21 is divided by y.
5
Let v = -3 - -5. Suppose 0 = m - v - 1. Suppose 0*h = m*h - 39. What is the remainder when 37 is divided by h?
11
Suppose 0 = -5*f + 2*f + 9. Suppose 7*n - 4 = f*n. Calculate the remainder when n is divided by 1.
0
Suppose 0*p - 10*p = -470. What is the remainder when p is divided by 16?
15
Let r = -25 + 63. Let f = -43 + 63. What is the remainder when r is divided by f?
18
Let k(n) = -2*n**3 - n**2 - 2. Suppose -6*f = -5*f - 6. Suppose 2*p - 3*p = -f. Calculate the remainder when k(-2) is divided by p.
4
Let j(o) = 3*o - 3. Calculate the remainder when 71 is divided by j(7).
17
Let n be 2*3*(-4)/(-6). Suppose -2*h + n*q + 61 = -53, 0 = -3*h - 2*q + 171. What is the remainder when h is divided by 15?
12
Suppose y - 95 = -4*w, -27 + 105 = 3*w + 3*y. What is the remainder when w is divided by 14?
9
Let z(d) = 0*d + d - 11 - d**2 + 14*d. Suppose -5*j + 73 = 4*b, 2*b - 19 = -2*j + 3*j. What is the remainder when z(b) is divided by 9?
7
Calculate the remainder when (-60)/(-10) - (2 + -2) is divided by 2.
0
Suppose 0 = 2*b - 3*b + 2. Suppose -b*k + 33 = 3. Calculate the remainder when 29 is divided by k.
14
Suppose -2*k + 4*k = -5*s + 55, 0 = 4*s - 4*k - 72. Suppose 8 = 3*o - 7. Calculate the remainder when s is divided by o.
3
Suppose -8 = 2*k - 46. Suppose k = 5*x - 16. What is the remainder when 18 is divided by x?
4
Let v(m) = 3*m**2 + 5*m + 2. Let i be v(-4). Let w = 50 - i. Let d = 9 + 2. What is the remainder when w is divided by d?
9
Suppose 25*y - 23*y = 16. What is the remainder when 47 is divided by y?
7
Suppose -1 = l, 2*y - 4*l + l - 19 = 0. Suppose -2*v + 5*k + 95 = 3*v, 5*v + 2*k - 67 = 0. Calculate the remainder when v is divided by y.
7
Suppose -5*w + 174 + 21 = 0. Calculate the remainder when w is divided by -3 + (14 - 6/(-2)).
11
Let h(b) = b**3 - 9*b**2 - 5*b - 3. Let n be h(5). Suppose 0*z + 5*z - 70 = 0. Calculate the remainder when 15/(-4)*n/12 is divided by z.
12
Let f = 4 + -2. Suppose -f*u = 2*u - 104. What is the remainder when u is divided by 9?
8
Let l(k) = -5*k**3 - 2*k**2 - k. Let b be l(-1). Suppose -4*w + 68 = -b*p, 9 = p - 4*p. Calculate the remainder when 53 is divided by w.
11
Let q(p) = -2*p**3 + p + 1. Let g be q(-2). Let l = 55 - g. Calculate the remainder when l is divided by 14.
12
Let o be (-1 + -3)*9/(-18). Suppose -o*f + 3*p = p - 10, f - 2*p = 9. Calculate the remainder when 2 is divided by f.
0
Suppose 0 = -v - 0*v. Suppose v = 5*p + 3*c - 78, -21 = -3*p - 4*c + 28. Calculate the remainder when 3*9 + (1 - 0) is divided by p.
13
Calculate the remainder when 41 is divided by (-204)/(-15) + 6/15.
13
Let d(h) = -2*h**3 - 3*h**2 + 3*h - 3. Let k be -3*(-2 - 12/(-9)). Let g = -1 - k. Calculate the remainder when 43 is divided by d(g).
13
Let a(g) be the second derivative of 5/3*g**3 + 1/12*g**4 + 0 + 11/2*g**2 + 3*g. What is the remainder when 43 is divided by a(-10)?
10
Let s(x) = -x**3 - 7*x**2 - 3*x - 9. Let w be (-1 + 8/1)/(-1). Calculate the remainder when 45 is divided by s(w).
9
Suppose 5*l - 100 = 2*d + 3*d, -47 = -2*l - 5*d. Calculate the remainder when 82 is divided by l.
19
Let i(l) = 3 + l**3 + 12*l**2 + 12*l - 5 + 2. Let v be i(-11). What is the remainder when 22 is divided by 172/22 - 2/v?
6
What is the remainder when 9 is divided by -5 + 9/((-36)/(-40))?
4
Let q = -6 + 11. Suppose 50 = q*w - 5*b, 0 = w + 3*b - 7*b + 2. Suppose -3 = -3*n + 12. Calculate the remainder when w is divided by n.
4
Let y = 5 + 15. Calculate the remainder when y is divided by 11.
9
Let w be 0/(-2 + 1) + 0. Calculate the remainder when 26 is divided by w - 1*(-27)/3.
8
Let v be (-1 + 0)*(1 + -70). Suppose 0 = -2*j + 3 + v. Calculate the remainder when j is divided by 13.
10
Let l(g) = 5*g - 4*g - 4 + 2. Let x be l(5). Suppose 10 + 2 = x*r. Calculate the remainder when 6 is divided by r.
2
Let q be 4 + -1 + 2 + -3. Suppose -3*w = -7*w - q*n + 298, -2*n - 62 = -w. Let b = w + -34. What is the remainder when b is divided by 13?
12
Let d(a) = 0 - 2 - 15*a - 3. Calculate the remainder when d(-4) is divided by 19.
17
Calculate the remainder when 3*74*(-1)/(-2) is divided by 28.
27
Suppose 2*z - 8 = -2*n, -4*z + 28 = z + n. Suppose 3*w - w - z = 0. Let q(d) = 2*d**2 - d - 2. What is the remainder when q(2) is divided by w?
1
What is the remainder when 8 is divided by (21/6)/((15/10)/3)?
1
Suppose 2*g + 2*g = h + 505, 4*g = -2*h + 502. What is the remainder when g is divided by 32?
30
Let l = -27 - -42. Calculate the remainder when 58 is divided by l.
13
Suppose f + 3*f + 4*d = 36, 0 = -5*f - d + 65. What is the remainder when 40 is divided by f?
12
Let a = -9